 prime factors of 14227227.
3, 7, 225829
List the prime factors of 561906.
2, 3, 19, 31, 53
List the prime factors of 5427723.
3, 7, 131, 1973
What are the prime factors of 495144?
2, 3, 13, 23
What are the prime factors of 7897393?
7, 79, 14281
List the prime factors of 97788.
2, 3, 29, 281
What are the prime factors of 23114692?
2, 5778673
List the prime factors of 859670.
2, 5, 7, 12281
What are the prime factors of 4326883?
11, 59, 113
What are the prime factors of 34902559?
31, 36319
What are the prime factors of 4288814?
2, 2144407
List the prime factors of 2638791.
3, 17, 5749
What are the prime factors of 116555?
5, 23311
List the prime factors of 302958.
2, 3, 16831
List the prime factors of 2221702.
2, 7, 37, 4289
What are the prime factors of 1084395?
3, 5, 13, 67, 83
What are the prime factors of 227419?
227419
List the prime factors of 1122937.
1122937
List the prime factors of 12407598.
2, 3, 7, 98473
List the prime factors of 14521510.
2, 5, 19, 23, 3323
List the prime factors of 1226944.
2, 19, 1009
List the prime factors of 527495.
5, 105499
List the prime factors of 12606293.
7, 47, 38317
List the prime factors of 19770441.
3, 1877, 3511
What are the prime factors of 107939?
13, 19, 23
What are the prime factors of 499931?
29, 17239
What are the prime factors of 117424?
2, 41, 179
What are the prime factors of 455965?
5, 91193
What are the prime factors of 156053?
113, 1381
List the prime factors of 19302130.
2, 5, 317, 6089
What are the prime factors of 669458?
2, 89, 3761
List the prime factors of 183245.
5, 67, 547
List the prime factors of 3809149.
3809149
What are the prime factors of 42017?
42017
List the prime factors of 173247.
3, 17, 43, 79
What are the prime factors of 427302?
2, 3, 41, 193
What are the prime factors of 8589485?
5, 47, 36551
What are the prime factors of 31210930?
2, 5, 173, 18041
List the prime factors of 1990501.
433, 4597
What are the prime factors of 22375211?
29, 31, 24889
What are the prime factors of 745790?
2, 5, 17, 41, 107
List the prime factors of 14182746.
2, 3, 883, 2677
List the prime factors of 2737961.
2737961
List the prime factors of 1323093.
3, 17, 25943
What are the prime factors of 120455?
5, 24091
List the prime factors of 3258550.
2, 5, 65171
What are the prime factors of 6831081?
3, 253003
What are the prime factors of 788897?
788897
List the prime factors of 628180.
2, 5, 7, 641
What are the prime factors of 4879169?
359, 13591
List the prime factors of 1428954.
2, 3, 238159
List the prime factors of 14118630.
2, 3, 5, 470621
List the prime factors of 334208.
2, 7, 373
What are the prime factors of 245228?
2, 101, 607
List the prime factors of 13957.
17, 821
List the prime factors of 1749791.
487, 3593
What are the prime factors of 701705?
5, 37, 3793
What are the prime factors of 986067?
3, 59, 619
List the prime factors of 275129.
275129
List the prime factors of 520883.
11, 47353
What are the prime factors of 414322?
2, 23, 9007
List the prime factors of 354142.
2, 113, 1567
List the prime factors of 772200.
2, 3, 5, 11, 13
List the prime factors of 6500254.
2, 3250127
List the prime factors of 236162.
2, 118081
List the prime factors of 2347399.
541, 4339
List the prime factors of 484135.
5, 96827
What are the prime factors of 879868?
2, 11, 19997
List the prime factors of 17925015.
3, 5, 71, 16831
List the prime factors of 2936514.
2, 3, 7, 139, 503
What are the prime factors of 1288473?
3, 311, 1381
List the prime factors of 79128.
2, 3, 7, 157
What are the prime factors of 202434?
2, 3, 33739
List the prime factors of 359243.
359243
What are the prime factors of 205501?
89, 2309
What are the prime factors of 2487669?
3, 829223
What are the prime factors of 2655416?
2, 37, 8971
List the prime factors of 8181102.
2, 3, 47, 67, 433
What are the prime factors of 159784?
2, 19973
List the prime factors of 11804312.
2, 13, 8731
What are the prime factors of 1312410?
2, 3, 5, 11, 41, 97
What are the prime factors of 489821?
17, 28813
List the prime factors of 1950099.
3, 103, 6311
What are the prime factors of 621303?
3, 73, 2837
List the prime factors of 225338.
2, 307, 367
List the prime factors of 5366298.
2, 3, 7, 67, 1907
What are the prime factors of 421271?
43, 97, 101
List the prime factors of 15830732.
2, 3957683
What are the prime factors of 3674415?
3, 5, 487, 503
List the prime factors of 385526.
2, 17, 23, 29
What are the prime factors of 24590129?
3583, 6863
What are the prime factors of 841396?
2, 19, 11071
What are the prime factors of 842852?
2, 210713
What are the prime factors of 8389413?
3, 103573
What are the prime factors of 1085918?
2, 229, 2371
List the prime factors of 2344560.
2, 3, 5, 9769
List the prime factors of 28576159.
193, 148063
List the prime factors of 176621.
239, 739
List the prime factors of 388793.
388793
List the prime factors of 4579846.
2, 2289923
What are the prime factors of 446406?
2, 3, 47, 1583
What are the prime factors of 1573794?
2, 3, 87433
What are the prime factors of 238187?
17, 14011
List the prime factors of 12427181.
13, 955937
What are the prime factors of 1557883?
1557883
List the prime factors of 5419136.
2, 42337
List the prime factors of 575243.
575243
List the prime factors of 2657080.
2, 5, 181, 367
What are the prime factors of 854415?
3, 5, 6329
List the prime factors of 9232038.
2, 3, 512891
List the prime factors of 348490.
2, 5, 34849
List the prime factors of 1238179.
1238179
What are the prime factors of 3701015?
5, 47, 15749
List the prime factors of 12695674.
2, 167, 38011
What are the prime factors of 179294?
2, 157, 571
List the prime factors of 380789.
193, 1973
What are the prime factors of 325175?
5, 13007
What are the prime factors of 26757775?
5, 11, 97301
What are the prime factors of 324355?
5, 64871
List the prime factors of 3215706.
2, 3, 13, 41227
List the prime factors of 3072704.
2, 41, 1171
What are the prime factors of 602580?
2, 3, 5, 11, 83
What are the prime factors of 129032?
2, 127
What are the prime factors of 507393?
3, 56377
List the prime factors of 1906682.
2, 953341
What are the prime factors of 696346?
2, 7, 49739
List the prime factors of 163795.
5, 17, 41, 47
What are the prime factors of 2269342?
2, 587, 1933
What are the prime factors of 651916?
2, 17, 9587
What are the prime factors of 10246484?
2, 37, 69233
What are the prime factors of 903289?
83, 10883
What are the prime factors of 997270?
2, 5, 31, 3217
What are the prime factors of 276726?
2, 3, 17, 2713
List the prime factors of 601184.
2, 18787
What are the prime factors of 13985524?
2, 7, 499483
List the prime factors of 2010957.
3, 13, 51563
What are the prime factors of 1602425?
5, 11, 5827
What are the prime factors of 182280?
2, 3, 5, 7, 31
List the prime factors of 425710.
2, 5, 42571
What are the prime factors of 764792?
2, 7, 1951
List the prime factors of 126743.
126743
What are the prime factors of 3900956?
2, 17, 57367
What are the prime factors of 304961?
304961
List the prime factors of 134150.
2, 5, 2683
What are the prime factors of 34154?
2, 17077
List the prime factors of 13318.
2, 6659
What are the prime factors of 148383?
3, 16487
List the prime factors of 534060.
2, 3, 5, 23, 43
What are the prime factors of 1336044?
2, 3, 111337
List the prime factors of 87106.
2, 97, 449
List the prime factors of 726697.
726697
List the prime factors of 28886338.
2, 13, 1111013
What are the prime factors of 428128?
2, 17, 787
What are the prime factors of 8740052?
2, 41, 137, 389
What are the prime factors of 692536?
2, 13, 6659
List the prime factors of 13476647.
89, 151423
List the prime factors of 4200050.
2, 5, 167, 503
List the prime factors of 2608657.
379, 6883
What are the prime factors of 335281?
335281
List the prime factors of 13529.
83, 163
List the prime factors of 1234563.
3, 11, 19, 179
What are the prime factors of 13776886?
2, 1009, 6827
List the prime factors of 2427240.
2, 3, 5, 113, 179
List the prime factors of 372180.
2, 3, 5, 6203
What are the prime factors of 1779128?
2, 13, 17107
What are the prime factors of 224955?
3, 5, 4999
What are the prime factors of 503014?
2, 43, 5849
List the prime factors of 6250880.
2, 5, 9767
List the prime factors of 2354819.
2354819
What are the 